) = 2*a(h) - 9*p(h). Calculate n(0).
-14
Let k(z) = 24*z + 1. Let y = -581 - -597. Let n be y/32 - (-2)/4. What is k(n)?
25
Let r(k) = -k**2 - 5*k + 52. Let t be r(5). Let n(u) = 16*u - 15. Let v(w) = -17*w + 18. Let c(s) = -6*n(s) - 5*v(s). Calculate c(t).
-22
Let j(y) = 10*y - 37. Let z(v) = 3*v - 39. Let t(m) = -j(m) + 6*z(m). Give t(24).
-5
Let p be (-6)/(-9) + (-8)/3. Let k(i) = -2*i + 5. Let m be (-60)/27 - 4/(-18). Let b(a) = a - 2. Let q(y) = m*k(y) - 5*b(y). Determine q(p).
2
Suppose 2*n + 3*p + 2 = 0, -4*n - 3*p = -n. Let j be (-544)/(-85) + (n/(-5) - 0). Let d be -3*j/9 - -1 - 6. Let g(v) = -2*v - 2. Calculate g(d).
12
Let c(q) = q**3 + 5*q**2 - q - 1. Let s(d) = -2*d + 12. Let f be s(-9). Let y be (3 - f/14)/((-2)/112). Let o = -53 - y. What is c(o)?
4
Let z(i) be the first derivative of -i**5/120 - i**4/6 + 2*i**3/3 + 2. Let b(j) be the third derivative of z(j). Let a be (1 - (-26)/(-2))/(-3 - 0). Give b(a).
-8
Let t(q) be the second derivative of -q**5/20 - 7*q**4/12 - 5*q**3/6 + 5*q**2 - 1484*q. Calculate t(-5).
-15
Suppose 5*s = 4*h + 26, -5*h + 2*s - 89 = -65. Suppose 0 = 3*q, 3*d + 4*q = -2*d + 35. Let n(y) = -y + d*y - y**2 - 7*y - 5. Calculate n(h).
-17
Let j(q) = -q**3 - 4*q**2 - 4*q - 1. Let u = 661 - 459. Let s = 199 - u. Determine j(s).
2
Let y = 173/150360 - -9/1253. Let n(u) be the third derivative of -7/24*u**4 - y*u**6 + 0*u + 8*u**2 + 1/10*u**5 + 1/6*u**3 + 0. Calculate n(5).
-9
Suppose 0 = 4*s - 5*n + 13, 0*n = 5*s + 2*n + 41. Let r(j) = -j**2 - 2*j + 38. Let c be r(s). Let w(o) = 32*o**2 - 36*o**2 + 2*o**3 + 0*o**3. Determine w(c).
18
Let n(z) = 73*z**3 + 81*z**3 - 162*z**2 + 159*z**2 + 2 - 163*z**3. Calculate n(-1).
8
Let h(p) = -2*p**3 + 2*p**2 + 2*p. Let t be h(0). Suppose -4*k + 8*k - 196 = t. Suppose 0 = 5*l + k - 4. Let d(a) = a**2 + 8*a - 12. Determine d(l).
-3
Let j(m) = 2*m - 16 - 4*m + 3*m + 16. Let w = 9 - 14. Give j(w).
-5
Let h(w) be the third derivative of -7*w**6/120 - w**5/20 + w**4/8 + 62*w**2 - 8. Give h(1).
-7
Let j(m) = m**2 + 50*m - 215. Let d be (11 - 84/8)/(138/(-48) - -3). Determine j(d).
1
Let d(o) = 2*o**3 - 15*o**2 - 8*o + 9. Let m be d(8). Suppose 3*i + m = 27. Let u(h) = 1 + i*h + h**2 - 5 + 0. What is u(-3)?
-13
Let j = 1878 - 1884. Let m(l) = l**3 + 15*l**2 + 58*l + 17. Determine m(j).
-7
Suppose 3*p + 10 = 2*g + 41, 4*p = -4*g - 32. Let k(l) = -16 - 6*l + 9*l - 5*l. Give k(g).
6
Let w(l) = -l**2 - 3*l + 1. Let k(r) = 11*r - 75. Let a be k(10). Let h(j) = -33*j. Let g be h(-1). Let z = a - g. Determine w(z).
-9
Let u(r) = -r**3 + 4*r**2 + r - 2. Let z(h) = 2*h**3 - h**2 + h - 2. Let d be z(2). Suppose -5*g + 24 = 2*b - 82, 3*g = d. Let a = b - 39. Calculate u(a).
2
Let x = 0 + -1. Let i(d) = -14*d + 1. Suppose 36*b - 426 = -106*b. Let g(q) = -q. Let j(l) = b*g(l) + x*i(l). Give j(1).
10
Let l(t) be the first derivative of -22*t**3/3 + 67*t**2/2 + 4*t + 1377. Determine l(3).
7
Let j be (540/225)/(12/(-200)). Suppose 12 = -o - 29. Let l = o - j. Let k(b) = -8*b + 1. Determine k(l).
9
Let d(i) be the third derivative of -25*i**4/24 - 26*i**3/3 + 2835*i**2. Give d(-7).
123
Let m(h) be the first derivative of 6*h + 1/3*h**3 + 75 + 5/2*h**2. Give m(-2).
0
Let z(v) be the third derivative of v**4/4 + 75*v**3/2 + 2929*v**2 + 2. What is z(-37)?
3
Let h(b) = b**3 + b**2 - 2*b + 4. Suppose 4*o = 3*v - 8, -6*v - 2 = -11*v + o. Calculate h(v).
4
Let s(u) = 2*u**2 + 7*u - 3. Let j(h) = 8*h**2 + 26*h - 10. Let y(w) = -3*j(w) + 11*s(w). Suppose -2*k + 0*n + 3*n = 0, 22 = 4*k + 5*n. Determine y(k).
-24
Let v(t) = 5*t**2 - 32*t + 44. Let s(x) = 3*x**2 - 21*x + 30. Let r(a) = -8*s(a) + 5*v(a). Determine r(-10).
0
Let b(g) = 0*g - 3*g + 4 + 7. Suppose 2*q - 5 = -3*j, 7*q - 6*j + 3*j - 58 = 0. Determine b(q).
-10
Suppose o + 2*o = -2*x + 61, 0 = -5*o + x + 119. Suppose -5*v = -4*k + o, 0 = -k - 3*v - 9 + 2. Let u(z) = -2*z**3 + 2*z**2 + z. What is u(k)?
-6
Let z be 7 + (-4)/8*18. Let h(w) = w - 3. Let n be h(0). Let g = n - z. Let s(u) = -27*u**2 - u. Give s(g).
-26
Let m(i) = -i**2 + i + 20. Let s be m(5). Let f(o) = o - 25 + o + s*o + 15. What is f(8)?
6
Let q(o) = -2*o - 9. Let l(r) = r**2 + 5*r - 19. Let v be l(-8). Suppose 4*w - 2*w + 4*b = -186, 4*b = -v*w - 447. Let n = -94 - w. What is q(n)?
5
Let q = 90 + -67. Let o(f) = 12*f - q*f + 2*f + 8*f. Give o(6).
-6
Let f = 3534 - 1365. Let c(p) = 0*p + p + 2174 - f. Suppose 0 = -8*b + 4*b - 24. Determine c(b).
-1
Let r(w) = w**2 + 2*w - 11. Suppose -23 = -l + 5*p, -3*l - 16 = 5*p - 5. Let u be r(l). Let b(m) = m - 5*m + u + 5*m - 3. Determine b(-3).
-2
Let h = -11 - -11. Suppose 20*a - 23*a + 6 = h. Let x(z) = -8*z**2 + 4 - z**3 + a*z**3 - z + 4*z + z. What is x(7)?
-17
Let c(k) = k**2 - 6*k - 98. Suppose -9*f - 169 = -22*f. Let v be c(f). Let w(p) = -p**2 - 5*p - 8. Calculate w(v).
-22
Let d(n) = 4586*n**2 - 4584*n**2 - 4*n + 4*n. Suppose 4*z = -z + 30. Suppose z*h - 2*h + 8 = 0. Give d(h).
8
Let p be (0 + -1 - -5) + -60 + 58. Suppose -2*b = -3*b - 2*m, p*b + m + 12 = 0. Let u(j) = -j**2 - 12*j. Determine u(b).
32
Let c(a) = -a**3 - 2*a**2 + a + 1. Let u(m) = 8*m**2 - m - 4. Let v(s) = -2*c(s) - u(s). Determine v(3).
17
Let s(d) = 4*d**3 - 21*d**2 - 3*d + 40. Let j(z) = 2*z**3 + 10*z**2 - 5*z - 20. Let c be j(-5). Determine s(c).
0
Let n(b) = 11*b + 12. Suppose 6 = -2*z - g, -154*z = -152*z + 4*g. Calculate n(z).
-32
Let j = -22 + 38. Suppose -2*c + j = 8. Let t(s) = 8 + 4*s**2 - 2 + c*s + 30*s**3 - 31*s**3. Determine t(5).
1
Let s(w) be the third derivative of -1/144*w**6 - 32*w**2 + 5/12*w**4 + 0*w + 0*w**3 + 0*w**5 + 0. Let q(y) be the second derivative of s(y). Determine q(-1).
5
Let d(o) be the third derivative of 19 + 1/120*o**6 - 2/15*o**5 - 7/6*o**3 + 0*o**4 + 0*o - o**2. Determine d(8).
-7
Suppose -2668 = 4*d - 2664. Let o(t) = 2*t - 3. Let y(k) be the first derivative of k**2/2 - 2*k - 1. Let p(i) = -2*o(i) + 3*y(i). Determine p(d).
1
Let y(d) = d**2 + 8*d + 4. Let a be (36 + -30)/((-3)/(-41)). Let o = a + -86. Calculate y(o).
-12
Let p(w) = 21*w + w**2 - 28*w - 1 + 13. Let o be p(4). Let l(m) = m**3 + m**2 - m - 27. Calculate l(o).
-27
Let t(j) = -4*j**3 + 13*j**2 - 2*j + 9. Let c(x) = 2*x**3 - 6*x**2 + x - 4. Let d(l) = 7*c(l) + 3*t(l). Suppose 2612 = h + 2610. Calculate d(h).
5
Suppose 18 = 3*u + 5*g - 2, -5*g = -u + 20. Let k(r) = 9*r + 0*r**3 - 1 + 321*r**2 - 312*r**2 - r**3. What is k(u)?
-11
Let x = -90 + 89. Let g(y) = y**2 - y - 3. Let t(o) = -1. Let s(v) = x*g(v) + 2*t(v). Calculate s(5).
-19
Let z(m) = -m**3 + 6*m**2 + 2*m + 7. Let x = 369 - 379. Let u(j) = -21*j - 205. Let f be u(x). Give z(f).
42
Let c = 428 + -396. Let y(r) = 3 - c + 7 + 3 + 2 - 3*r. What is y(-8)?
7
Let y(k) = -12*k**2 - 85*k + 22 + k**3 + 180*k - 85*k. Let f(r) = 6*r**3 - 61*r**2 + 48*r + 108. Let i(a) = 2*f(a) - 11*y(a). Determine i(-11).
7
Let u be (33/(891/(-6))*(-9)/(-3))/(-2). Let l(b) be the first derivative of 1/2*b**2 + 0*b + u*b**3 - 29. Give l(-1).
0
Suppose -2*k - 20 = 2*k. Let w(i) = 25 - 2*i**3 - 8*i**2 - 14 - 7 - 7*i. Let m(s) = s**3 + 4*s**2 + 4*s - 2. Let r(l) = k*m(l) - 3*w(l). Calculate r(-4).
-6
Let l(a) = -a**2 + 4*a - 2. Let y be 15*2/6*1. Suppose 2*o = 5*o - 2*x - 26, -y*o = -x - 48. Suppose o*z - 4 = 9*z. Calculate l(z).
-2
Let k(f) be the third derivative of f**4/24 - 5*f**3/3 + 2*f**2. Suppose 7313*s - 7368*s = -240 - 145. What is k(s)?
-3
Let q = -10 - -50. Suppose -4*s + q = 4*u, 2*u = 4*s + 5*u - 36. Let b(f) be the second derivative of -f**5/20 + 5*f**4/12 + f**3 + f**2 - 4809*f. Give b(s).
2
Let r(o) be the second derivative of -1/3*o**4 - 3*o**2 - 2*o + 1/20*o**5 + 59 + 7/6*o**3. What is r(4)?
22
Let d(x) = 16*x + 8. Suppose 12*l - 4 = 2*v - 0, 4*v - 19 = -3*l. What is d(v)?
72
Let s(c) = -41*c - 4. Let k be ((-2)/5 + -8 + 356/40)*-2. Give s(k).
37
Let r(u) = 9*u - 1 - 1 - 8*u**2 + u**3 + 0*u. Let l(z) = z**2 - 7*z - 62. Let k be l(-12). Suppose k - 222 = -8*f. Calculate r(f).
12
Let y(n) be the third derivative of -n**6/120 - n**5/6 - 7*n**4/12 + 3*n**3 + 2*n**2 + 36. Give y(-8).
2
Let j(u) = 11*u**3 - 3*u**2 + 5*u + 3. Let i be j(-2). Let b = 101 + i. Let k(a) = 6*a. Let y(o) = -3*o. Let w(d) = -3*k(d) - 7*y(d). Determine w(b).
-18
Let m(u) be the first derivative of u**2 - 1/4*u**4 - 83 + 5*u - 2*u**3. Determine m(-5).
